 = 6*h. List the prime factors of h.
59
List the prime factors of (28/6)/(2/36 - 0).
2, 3, 7
Suppose 4*i - 285 = -r, i - 99 = 2*r - 21. List the prime factors of i.
2, 3
Let q(k) = -2*k**3 - 7*k**2 - k - 2. List the prime factors of q(-5).
2, 3, 13
Suppose -4*y + 3*d + 59 = 0, 26 = 5*y + 2*d - 19. List the prime factors of y.
11
Let p(w) = 13*w - 47. List the prime factors of p(13).
2, 61
Let s = 1 - 2. Let j(z) = 5 + 0*z - 4 + 13*z**2 + 2*z. What are the prime factors of j(s)?
2, 3
Let g be (57/9 - 3)*6. Suppose 0 = 2*d, 4*d - 4 - g = -3*p. List the prime factors of p.
2
Suppose 0 = -3*q + 18 + 105. List the prime factors of q.
41
Suppose 0 = -2*v + 5*u + 109, -2*v - 5*u = -35 - 24. List the prime factors of v.
2, 3, 7
Suppose 4*a - 39 = 185. List the prime factors of a.
2, 7
Let n(z) = -7*z + 3*z + 3 + 3*z**2 - z**2. Let q be n(2). Suppose -5*o + o + 5*f + 26 = 0, -4*o - q*f = -10. List the prime factors of o.
2
Let f(h) = -6*h + 2. List the prime factors of f(-3).
2, 5
Let n(a) = -160*a - 2. List the prime factors of n(-1).
2, 79
Let g(d) = d**2 + 27. What are the prime factors of g(-6)?
3, 7
Let u = 28 + -10. Let f = u + -7. List the prime factors of f.
11
Let b = 11 + -21. List the prime factors of ((-16)/b)/((-5)/(-25)).
2
Let v(p) = p**3 + 10*p**2 + 9*p + 3. Let r be v(-9). Suppose 120 = -r*i + 7*i. List the prime factors of i.
2, 3, 5
List the prime factors of 1188/52 + (-2)/(-13).
23
Let l = -2 - -4. Let q be 2/l*6/(-1). Let p = 15 + q. What are the prime factors of p?
3
Suppose -m + 17 = -2*y, -17 = -m - 3*y + 25. What are the prime factors of m?
3
Suppose 4*q + w + w + 56 = 0, -4*q = -4*w + 32. List the prime factors of ((-66)/4)/(6/q).
3, 11
Suppose 0 = -3*j - 5*v + v - 34, 5*v + 32 = -3*j. Suppose -z + 8 = -17. Let c = z + j. List the prime factors of c.
11
Let x = 3 + 25. What are the prime factors of x?
2, 7
Let j = -34 + 80. What are the prime factors of (-1*j)/((-12)/6)?
23
Let k = 41 - 5. List the prime factors of k.
2, 3
Let a(s) = s + 31. Let c be a(0). Suppose 2*h + 9 = c. List the prime factors of h.
11
Let g(u) = 7*u - 2. Let z(p) be the third derivative of p**3/6 + 4*p**2. Let i(y) = -g(y) - 5*z(y). List the prime factors of i(-2).
11
Suppose 0 = -3*s + 32 + 34. Let j = s + -16. List the prime factors of j.
2, 3
Suppose 5*a = 5*j - 15, -2*j - 5*a + 18 = -a. Suppose -j*z + 0*z = -o + 15, 39 = 4*o + z. List the prime factors of o.
2, 5
Let c(j) = 2*j - 8. Let h be (-4)/(1 - 2/6). Let y be (24/10)/(h/(-20)). What are the prime factors of c(y)?
2
Let m be -1 - -2 - (-2 + 0). Let w = m - -6. List the prime factors of w.
3
Let m(x) = -8*x + 1. Let y be (-3 + 1/(-1))/2. What are the prime factors of m(y)?
17
Let d(a) = a**3 - a**2 - a - 3. Let v be d(0). Let k(u) = -3*u + 4. What are the prime factors of k(v)?
13
Let l(f) = -f - 5. Let b be l(-9). Suppose 3*y - 10 = 2*n, -b*y - 10 = -6*y - 2*n. What are the prime factors of y?
2
Let z be (-205)/30 + 2/(-12). Let g(s) = s - 1. Let p(u) = u. Let i(n) = -2*g(n) + p(n). What are the prime factors of i(z)?
3
Let n = 4 - 3. Suppose g - 1 = n. List the prime factors of 18 + (g/(-1) - -1).
17
Suppose -20 = -5*u - 0. Suppose -5*g + 160 = -u*y, 5*y + 1 = -g + 4. Suppose 2*i = -0*i + g. List the prime factors of i.
2, 7
Let p(g) = g**3 - 4*g**2 + 4*g - 1. Let c be p(4). Let w = 13 + c. What are the prime factors of (-2)/(2 - w/13)?
13
List the prime factors of (-12)/(-3) + (-4)/(-4).
5
Suppose 2*l = 6*l - 60. List the prime factors of (-10)/l + 94/6.
3, 5
Suppose 0*l - 4*l + 1003 = -3*x, -4*l + 5*x + 997 = 0. What are the prime factors of l?
11, 23
Let y be 2/(1 - 4/6). Suppose 0 = 4*p - 35 - 5. Suppose -2*x = -p - y. What are the prime factors of x?
2
What are the prime factors of 120/18 + 2/(-3)?
2, 3
Let f(y) = y**3 - 8*y**2 + 7*y - 4. Let m be f(7). Let r(p) = -7*p + 1. Let b be r(m). Suppose q - b = -3*t, 3 = -q + 5. What are the prime factors of t?
3
Suppose 5*t + 4*y = t + 20, 8 = -2*t + 4*y. Suppose -t*c + 3 = 1. List the prime factors of c - (-4 + -2 + 2).
5
Let o(w) = -5*w**3 - 2*w**2 + 2*w. Suppose -4*b = -b + 6. What are the prime factors of o(b)?
2, 7
Suppose -2*v = -6 - 0. Suppose 2*m + v*m = 15. List the prime factors of m.
3
Suppose 0 = -2*v - 0*v + 4*w + 4, 3*w + 4 = 2*v. Suppose 4*g - 18 = 10. Let j = v + g. What are the prime factors of j?
3
Let b be (-12*1)/(-4 + 2). Suppose 4*k = 3*f - 15, 2*k - 3*f + 0*f + 15 = 0. Suppose 3*j - b*j + 6 = k. What are the prime factors of j?
2
Let f(g) = -g**3 + 11*g**2 + 3. Let x be f(11). List the prime factors of x/(-5) + (-165)/(-25).
2, 3
Let f be (2 - 2)*(-4)/16. Suppose 0 = 4*m - f*m - 116. List the prime factors of m.
29
Let p(y) = -y**3 + 4*y**2 + 6*y - 5. Let b be p(5). Suppose -2*d - 6 = 0, 4*d + d = -4*v - 3. Suppose b = -0*t - v*t + 12. What are the prime factors of t?
2
Let i = -5 + 7. Suppose -2*t - 2*h + 30 = 0, -t - 5*h = i*t - 37. List the prime factors of t.
19
Suppose -7*b + 25 = -2*b - 5*c, -20 = -b + 4*c. Suppose 2*f - 3*f + 9 = b. List the prime factors of 119/f - 2/9.
13
Suppose 0 = -y + 2*y - 17. List the prime factors of y.
17
Let a(k) = -3*k**2 + 2*k**2 + k**3 - 3*k**2 - 5 - 2*k**3. List the prime factors of a(-5).
2, 5
Let s(o) be the second derivative of o**4/12 + 5*o**3/6 + 5*o**2/2 + 5*o. List the prime factors of s(-7).
19
Suppose 2*v - 6*v - 12 = 0, a = -5*v + 32. Suppose 5*q + a = 3*m - 111, -q - 154 = -3*m. What are the prime factors of m?
3, 17
Suppose 0 = -5*y - d + 221, 2*y - 2*d + 217 = 7*y. List the prime factors of y.
3, 5
Let r(g) = -g**2 - 20*g - 21. List the prime factors of r(-15).
2, 3
Let j(q) = -q + 1. Let o(g) = 3*g - 2. Let t(r) = -7*j(r) - 3*o(r). List the prime factors of t(-4).
7
Suppose -u - 22 = -2*a, 5*a - 40 = u + 15. What are the prime factors of a?
11
Let i = -33 + 75. List the prime factors of i.
2, 3, 7
Let t = -7 - -11. Let v = t - 1. Let l = 14 - v. What are the prime factors of l?
11
Suppose -4*u - 148 = -3*g, 2*g - 5*u = -0*g + 108. What are the prime factors of g?
2, 11
Let r(o) = o - 4. Let f be r(8). Suppose f*v - 10 = 6. Suppose -t + 2*t = -v*h + 27, -4*h = -3*t + 1. List the prime factors of t.
7
Let x = 14 + -9. What are the prime factors of (x/(-3))/(7/(-21))?
5
Let h(m) = m**3 - 9*m**2 + 6*m + 11. Let p be h(8). Let r = 22 + p. What are the prime factors of r?
17
Suppose -6 = 2*j, -45 = -4*m + 2*j - 3. Let t be 1/(-2) + m/6. Let v(r) = 11*r**3 + r**2 - 1. What are the prime factors of v(t)?
11
Suppose -r = 3*w - w - 52, -3*r = 3*w - 72. Let u = -13 + w. What are the prime factors of u?
3, 5
Let x = 5 - 9. List the prime factors of (-3 - x)/((-1)/(-13)).
13
Suppose -136 - 614 = 3*h. Let o be h/(-6) - (-10)/(-15). Let c = o + -29. What are the prime factors of c?
2, 3
Let u(m) = -m + 10. Suppose 2*p + 0*p = 4*g - 4, -g - 14 = 2*p. What are the prime factors of u(p)?
2
List the prime factors of (18 - -4 - 4) + -2.
2
Let h = 129 - 76. List the prime factors of h.
53
Let n = -115 - -307. List the prime factors of n.
2, 3
Suppose -2*b + k + 20 = -5*b, 0 = -b + 4*k + 15. Let x(l) be the first derivative of -l**3/3 - 7*l**2/2 + l + 5. List the prime factors of x(b).
11
Suppose 0 = m + 4*h + 27, 0 = 5*m - 0*h - 2*h + 201. Let k = -19 - m. List the prime factors of k.
2, 5
Suppose 735 = 5*p + 4*n, 5*p + 2*n = 7*n + 690. What are the prime factors of p?
11, 13
List the prime factors of (-7)/14*-334 + -1 + -2.
2, 41
Suppose 3*y = -9, 5*d - 2*y - 3*y = 125. Let a = 49 - d. What are the prime factors of a?
3
List the prime factors of (55/2)/((-3)/(-6)).
5, 11
Suppose 3*y - 20 = -2*y. Suppose -2*j - x = y*x - 47, 2*x - 21 = -j. What are the prime factors of j?
11
Let s(a) be the third derivative of 1/12*a**4 - a**2 + 0*a - 1/60*a**6 + 0 + 1/3*a**3 - 1/60*a**5. List the prime factors of s(-2).
2, 5
Suppose 0 = 5*b - q - 158, q + 161 = 5*b - q. What are the prime factors of b?
31
List the prime factors of (24 + 13)*(1 - 0).
37
Let z be ((-2)/3)/((-4)/18). Suppose 2*h - 7 = z, -55 = -3*d + h. Suppose 0 = -2*i - 0 + d. List the prime factors of i.
2, 5
Let v = 44 - 77. List the prime factors of v/(-4) + 1/(-4).
2
Suppose 2 = -3*k - 7. What are the prime factors of (-3)/(-3) - 57/k?
2, 5
Let z = 3 + 26. List the prime factors of z.
29
Suppose 2*u - a + 0*a - 125 = 0, 2*a = 3*u 